{"id":2185,"date":"2023-10-26T11:33:19","date_gmt":"2023-10-26T14:33:19","guid":{"rendered":"https:\/\/dayseamarilio.com.br\/?page_id=2185"},"modified":"2023-10-29T19:48:21","modified_gmt":"2023-10-29T22:48:21","slug":"projetos","status":"publish","type":"page","link":"https:\/\/dayseamarilio.com.br\/index.php\/projetos\/","title":{"rendered":"Projetos"},"content":{"rendered":"\t\t<div data-elementor-type=\"wp-page\" data-elementor-id=\"2185\" class=\"elementor elementor-2185\" data-elementor-post-type=\"page\">\n\t\t\t\t\t\t\t<div class=\"elementor-element elementor-element-bfbfc6b e-flex e-con-boxed e-con e-parent\" data-id=\"bfbfc6b\" data-element_type=\"container\" data-settings=\"{&quot;content_width&quot;:&quot;boxed&quot;}\" data-core-v316-plus=\"true\">\n\t\t\t\t\t<div class=\"e-con-inner\">\n\t\t\t\t<div class=\"elementor-element elementor-element-57fd61e elementor-widget elementor-widget-heading\" data-id=\"57fd61e\" data-element_type=\"widget\" data-widget_type=\"heading.default\">\n\t\t\t\t<div class=\"elementor-widget-container\">\n\t\t\t<style>\/*! elementor - v3.17.0 - 25-10-2023 *\/\n.elementor-heading-title{padding:0;margin:0;line-height:1}.elementor-widget-heading .elementor-heading-title[class*=elementor-size-]>a{color:inherit;font-size:inherit;line-height:inherit}.elementor-widget-heading .elementor-heading-title.elementor-size-small{font-size:15px}.elementor-widget-heading .elementor-heading-title.elementor-size-medium{font-size:19px}.elementor-widget-heading .elementor-heading-title.elementor-size-large{font-size:29px}.elementor-widget-heading .elementor-heading-title.elementor-size-xl{font-size:39px}.elementor-widget-heading .elementor-heading-title.elementor-size-xxl{font-size:59px}<\/style><h2 class=\"elementor-heading-title elementor-size-default\">Leis | Projetos<\/h2>\t\t<\/div>\n\t\t\t\t<\/div>\n\t\t\t\t\t<\/div>\n\t\t\t\t<\/div>\n\t\t<div class=\"elementor-element elementor-element-26f7cc4 e-flex e-con-boxed e-con e-parent\" data-id=\"26f7cc4\" data-element_type=\"container\" data-settings=\"{&quot;content_width&quot;:&quot;boxed&quot;}\" data-core-v316-plus=\"true\">\n\t\t\t\t\t<div class=\"e-con-inner\">\n\t\t<div class=\"elementor-element elementor-element-009d6df e-con-full e-flex e-con e-child\" data-id=\"009d6df\" data-element_type=\"container\" data-settings=\"{&quot;content_width&quot;:&quot;full&quot;}\">\n\t\t\t\t<div class=\"elementor-element elementor-element-1abf35d elementor-widget elementor-widget-heading\" data-id=\"1abf35d\" data-element_type=\"widget\" data-widget_type=\"heading.default\">\n\t\t\t\t<div class=\"elementor-widget-container\">\n\t\t\t<h1 class=\"elementor-heading-title elementor-size-small\"><a href=\"https:\/\/dayseamarilio.com.br\/wp-content\/uploads\/2023\/10\/PL-77_2023-Projeto-de-Lei-77_2023-Deputada-Dayse-Amarilio-56868.pdf\" target=\"_blank\">PL 77\/2023 -Institui o Programa Adote uma Unidade B\u00e1sica de Sa\u00fade - UBS no Distrito Federal.\n\n<b>Leia na \u00edntegra<\/b><\/a><\/h1>\t\t<\/div>\n\t\t\t\t<\/div>\n\t\t\t\t<\/div>\n\t\t<div class=\"elementor-element elementor-element-0c5dee5 e-con-full e-flex e-con e-child\" data-id=\"0c5dee5\" data-element_type=\"container\" data-settings=\"{&quot;content_width&quot;:&quot;full&quot;,&quot;background_background&quot;:&quot;classic&quot;}\">\n\t\t\t\t<div class=\"elementor-element elementor-element-662afbd elementor-widget elementor-widget-heading\" data-id=\"662afbd\" data-element_type=\"widget\" data-widget_type=\"heading.default\">\n\t\t\t\t<div class=\"elementor-widget-container\">\n\t\t\t<h1 class=\"elementor-heading-title elementor-size-default\"><a href=\"https:\/\/dayseamarilio.com.br\/wp-content\/uploads\/2023\/10\/PL-707_2023-Projeto-de-Lei-707_2023-Deputada-Dayse-Amarilio-97962.pdf\" target=\"_blank\">PL 707\/2023 -Institui diretrizes para a implanta\u00e7\u00e3o da Pol\u00edtica de sa\u00fade mental para estudantes e profissionais de Educa\u00e7\u00e3o no \u00e2mbito da rede p\u00fablica de ensino do Distrito Federal.\n\n <b>Leia na \u00edntegra<\/b> <\/a><\/h1>\t\t<\/div>\n\t\t\t\t<\/div>\n\t\t\t\t<\/div>\n\t\t<div class=\"elementor-element elementor-element-afeb3d4 e-con-full e-flex e-con e-child\" data-id=\"afeb3d4\" data-element_type=\"container\" data-settings=\"{&quot;content_width&quot;:&quot;full&quot;}\">\n\t\t\t\t<div class=\"elementor-element elementor-element-a8d317c elementor-widget elementor-widget-heading\" data-id=\"a8d317c\" data-element_type=\"widget\" data-widget_type=\"heading.default\">\n\t\t\t\t<div class=\"elementor-widget-container\">\n\t\t\t<h1 class=\"elementor-heading-title elementor-size-small\"><a href=\"https:\/\/dayseamarilio.com.br\/wp-content\/uploads\/2023\/10\/PL-667_2023-Projeto-de-Lei-667_2023-Deputado-Martins-Machado-Deputada-Dayse-Amarilio-95753.pdf\" target=\"_blank\">PL 667\/2023- Institui e inclui no Calend\u00e1rio Oficial de Eventos do Distrito Federal o M\u00eas em Defesa dos Direitos da Pessoa Idosa. \n\n<b>Leia na \u00edntegra<\/b><\/a><\/h1>\t\t<\/div>\n\t\t\t\t<\/div>\n\t\t\t\t<\/div>\n\t\t<div class=\"elementor-element elementor-element-7fdd79b e-con-full e-flex e-con e-child\" data-id=\"7fdd79b\" data-element_type=\"container\" data-settings=\"{&quot;content_width&quot;:&quot;full&quot;,&quot;background_background&quot;:&quot;classic&quot;}\">\n\t\t\t\t<div class=\"elementor-element elementor-element-e951f44 elementor-widget elementor-widget-heading\" data-id=\"e951f44\" data-element_type=\"widget\" data-widget_type=\"heading.default\">\n\t\t\t\t<div class=\"elementor-widget-container\">\n\t\t\t<h1 class=\"elementor-heading-title elementor-size-small\"><a href=\"https:\/\/dayseamarilio.com.br\/wp-content\/uploads\/2023\/10\/PL-576_2023-Projeto-de-Lei-576_2023-Deputada-Dayse-Amarilio-86329.pdf\" target=\"_blank\">PL 576\/2023 -Institui a Semana Distrital de Preven\u00e7\u00e3o e Combate ao Feminic\u00eddio. \n\n<b>Leia na \u00edntegra<\/b><\/a><\/h1>\t\t<\/div>\n\t\t\t\t<\/div>\n\t\t\t\t<\/div>\n\t\t<div class=\"elementor-element elementor-element-92d13e8 e-con-full e-flex e-con e-child\" data-id=\"92d13e8\" data-element_type=\"container\" data-settings=\"{&quot;content_width&quot;:&quot;full&quot;}\">\n\t\t\t\t<div class=\"elementor-element elementor-element-20c24d8 elementor-widget elementor-widget-heading\" data-id=\"20c24d8\" data-element_type=\"widget\" data-widget_type=\"heading.default\">\n\t\t\t\t<div class=\"elementor-widget-container\">\n\t\t\t<h1 class=\"elementor-heading-title elementor-size-small\"><a href=\"https:\/\/dayseamarilio.com.br\/wp-content\/uploads\/2023\/10\/PL-555_2023-Projeto-de-Lei-555_2023-Deputada-Dayse-Amarilio-84924-1.pdf\" target=\"_blank\">PL 555\/2023 - Altera o art. 59 da Lei n\u00b06.637, de 20 de julho de 2020, que \u201cEstabelece o Estatuto da Pessoa com Defici\u00eancia do Distrito Federal\u201d e o art. 8\u00ba da Lei n\u00ba 4.949, de 15 de outubro de 2012, que \u201cEstabelece normas gerais para realiza\u00e7\u00e3o de concurso p\u00fablico pela administra\u00e7\u00e3o direta, aut\u00e1rquica e fundacional do Distrito Federal\u201d. \n\n<b>Leia na \u00edntegra<\/b><\/a><\/h1>\t\t<\/div>\n\t\t\t\t<\/div>\n\t\t\t\t<\/div>\n\t\t<div class=\"elementor-element elementor-element-aedd188 e-con-full e-flex e-con e-child\" data-id=\"aedd188\" data-element_type=\"container\" data-settings=\"{&quot;content_width&quot;:&quot;full&quot;,&quot;background_background&quot;:&quot;classic&quot;}\">\n\t\t\t\t<div class=\"elementor-element elementor-element-73627d2 elementor-widget elementor-widget-heading\" data-id=\"73627d2\" data-element_type=\"widget\" data-widget_type=\"heading.default\">\n\t\t\t\t<div class=\"elementor-widget-container\">\n\t\t\t<h1 class=\"elementor-heading-title elementor-size-small\"><a href=\"https:\/\/dayseamarilio.com.br\/wp-content\/uploads\/2023\/10\/PL-551_2023-Projeto-de-Lei-551_2023-Deputada-Dayse-Amarilio-84545.pdf\" target=\"_blank\">PL 551\/2023 -Disp\u00f5e sobre a garantia de prioridade de tramita\u00e7\u00e3o dos procedimentos investigat\u00f3rios que visem \u00e0 apura\u00e7\u00e3o e responsabiliza\u00e7\u00e3o de crimes dolosos e culposos que tenham como v\u00edtimas crian\u00e7as e adolescentes, no \u00e2mbito do Distrito Federal. \n\n<b>Leia na \u00edntegra<\/b><\/a><\/h1>\t\t<\/div>\n\t\t\t\t<\/div>\n\t\t\t\t<\/div>\n\t\t<div class=\"elementor-element elementor-element-8f748e9 e-con-full e-flex e-con e-child\" data-id=\"8f748e9\" data-element_type=\"container\" data-settings=\"{&quot;content_width&quot;:&quot;full&quot;}\">\n\t\t\t\t<div class=\"elementor-element elementor-element-2f5c5e2 elementor-widget elementor-widget-heading\" data-id=\"2f5c5e2\" data-element_type=\"widget\" data-widget_type=\"heading.default\">\n\t\t\t\t<div class=\"elementor-widget-container\">\n\t\t\t<h1 class=\"elementor-heading-title elementor-size-small\"><a href=\"https:\/\/dayseamarilio.com.br\/wp-content\/uploads\/2023\/10\/LEI-DF-2023-07295.doc\" target=\"_blank\">PL 218\/2023 -Estabelece a cria\u00e7\u00e3o de local reservado nas unidades de sa\u00fade do Distrito Federal para atendimento a v\u00edtimas de viol\u00eancia dom\u00e9stica e d\u00e1 outras provid\u00eancias.\n\n<b>Leia na \u00edntegra<\/b><\/a><\/h1>\t\t<\/div>\n\t\t\t\t<\/div>\n\t\t\t\t<div class=\"elementor-element elementor-element-38b6328 elementor-widget elementor-widget-heading\" data-id=\"38b6328\" data-element_type=\"widget\" data-widget_type=\"heading.default\">\n\t\t\t\t<div class=\"elementor-widget-container\">\n\t\t\t<h1 class=\"elementor-heading-title elementor-size-small\"><a href=\"https:\/\/dayseamarilio.com.br\/wp-content\/uploads\/2023\/10\/PL-84_2023-Projeto-de-Lei-84_2023-Deputada-Dayse-Amarilio-56908.pdf\" target=\"_blank\">PL 84\/2023 -Institui diretrizes para a implanta\u00e7\u00e3o da Pol\u00edtica Distrital de Primeiro Emprego para Enfermeiros, T\u00e9cnicos e Auxiliares de Enfermagem e d\u00e1 outras provid\u00eancias.\n\n<b>Leia na \u00edntegra<\/b><\/a><\/h1>\t\t<\/div>\n\t\t\t\t<\/div>\n\t\t\t\t<\/div>\n\t\t<div class=\"elementor-element elementor-element-99622b8 e-con-full e-flex e-con e-child\" data-id=\"99622b8\" data-element_type=\"container\" data-settings=\"{&quot;content_width&quot;:&quot;full&quot;,&quot;background_background&quot;:&quot;classic&quot;}\">\n\t\t\t\t<div class=\"elementor-element elementor-element-6f6789b elementor-widget elementor-widget-heading\" data-id=\"6f6789b\" data-element_type=\"widget\" data-widget_type=\"heading.default\">\n\t\t\t\t<div class=\"elementor-widget-container\">\n\t\t\t<h1 class=\"elementor-heading-title elementor-size-small\"><a href=\"https:\/\/dayseamarilio.com.br\/wp-content\/uploads\/2023\/10\/PL-157_2023-Projeto-de-Lei-157_2023-Deputada-Dayse-Amarilio-59805.pdf\" target=\"_blank\">PL 157\/2023 -Institui o Programa \u201cAdote um Equipamento de Assist\u00eancia Social\u201d no Distrito Federal.\n\n<b>Leia na \u00edntegra<\/b><\/a><\/h1>\t\t<\/div>\n\t\t\t\t<\/div>\n\t\t\t\t<div class=\"elementor-element elementor-element-92adb7b elementor-widget elementor-widget-heading\" data-id=\"92adb7b\" data-element_type=\"widget\" data-widget_type=\"heading.default\">\n\t\t\t\t<div class=\"elementor-widget-container\">\n\t\t\t<h1 class=\"elementor-heading-title elementor-size-small\"><a href=\"https:\/\/dayseamarilio.com.br\/wp-content\/uploads\/2023\/10\/PL-79_2023-Projeto-de-Lei-79_2023-Deputada-Dayse-Amarilio-56869.pdf\" target=\"_blank\">PL 79\/2023 -Estabelece diretrizes para a cria\u00e7\u00e3o de programa de descentraliza\u00e7\u00e3o de recursos para a\u00e7\u00f5es de sa\u00fade na rede p\u00fablica do Distrito Federal.\n\n<b>Leia na \u00edntegra<\/b><\/a><\/h1>\t\t<\/div>\n\t\t\t\t<\/div>\n\t\t\t\t<\/div>\n\t\t<div class=\"elementor-element elementor-element-3da984f e-con-full e-flex e-con e-child\" data-id=\"3da984f\" data-element_type=\"container\" data-settings=\"{&quot;content_width&quot;:&quot;full&quot;}\">\n\t\t\t\t<div class=\"elementor-element elementor-element-8e0fb09 elementor-widget elementor-widget-heading\" data-id=\"8e0fb09\" data-element_type=\"widget\" data-widget_type=\"heading.default\">\n\t\t\t\t<div class=\"elementor-widget-container\">\n\t\t\t<h1 class=\"elementor-heading-title elementor-size-small\"><a href=\"https:\/\/dayseamarilio.com.br\/wp-admin\/upload.php?item=2379\" target=\"_blank\">PL 116\/2023 -Disp\u00f5e sobre a cria\u00e7\u00e3o de pol\u00edtica de amparo e cuidados \u00e0 mulher em uso abusivo de \u00e1lcool.\n\n<b>Leia na \u00edntegra<\/b><\/a><\/h1>\t\t<\/div>\n\t\t\t\t<\/div>\n\t\t\t\t<div class=\"elementor-element elementor-element-9883300 elementor-widget elementor-widget-heading\" data-id=\"9883300\" data-element_type=\"widget\" data-widget_type=\"heading.default\">\n\t\t\t\t<div class=\"elementor-widget-container\">\n\t\t\t<h1 class=\"elementor-heading-title elementor-size-small\"><a href=\"https:\/\/dayseamarilio.com.br\/wp-admin\/upload.php?item=2372\" target=\"_blank\">PL 78\/2023 -Disp\u00f5e sobre a utiliza\u00e7\u00e3o de endere\u00e7o de equipamento p\u00fablico como comprovante de resid\u00eancia para fins de concess\u00e3o de benef\u00edcio social por parte do Distrito Federal.\n\n<b>Leia na \u00edntegra<\/b><\/a><\/h1>\t\t<\/div>\n\t\t\t\t<\/div>\n\t\t\t\t<\/div>\n\t\t\t\t\t<\/div>\n\t\t\t\t<\/div>\n\t\t<div class=\"elementor-element elementor-element-0d6a214 e-con-full e-flex e-con e-parent\" data-id=\"0d6a214\" data-element_type=\"container\" data-settings=\"{&quot;content_width&quot;:&quot;full&quot;}\" data-core-v316-plus=\"true\">\n\t\t\t\t<\/div>\n\t\t\t\t\t\t\t<\/div>\n\t\t","protected":false},"excerpt":{"rendered":"<p>Leis | Projetos PL 77\/2023 -Institui o Programa Adote uma Unidade B\u00e1sica de Sa\u00fade &#8211; UBS no Distrito Federal. Leia na \u00edntegra PL 707\/2023 -Institui diretrizes para a implanta\u00e7\u00e3o da Pol\u00edtica de sa\u00fade mental para estudantes e profissionais de Educa\u00e7\u00e3o no \u00e2mbito da rede p\u00fablica de ensino do Distrito Federal. Leia na \u00edntegra PL 667\/2023- [&hellip;]<\/p>\n","protected":false},"author":1,"featured_media":0,"parent":0,"menu_order":0,"comment_status":"closed","ping_status":"closed","template":"","meta":{"_monsterinsights_skip_tracking":false,"_monsterinsights_sitenote_active":false,"_monsterinsights_sitenote_note":"","_monsterinsights_sitenote_category":0,"footnotes":""},"class_list":["post-2185","page","type-page","status-publish","hentry"],"acf":[],"_links":{"self":[{"href":"https:\/\/dayseamarilio.com.br\/index.php\/wp-json\/wp\/v2\/pages\/2185","targetHints":{"allow":["GET"]}}],"collection":[{"href":"https:\/\/dayseamarilio.com.br\/index.php\/wp-json\/wp\/v2\/pages"}],"about":[{"href":"https:\/\/dayseamarilio.com.br\/index.php\/wp-json\/wp\/v2\/types\/page"}],"author":[{"embeddable":true,"href":"https:\/\/dayseamarilio.com.br\/index.php\/wp-json\/wp\/v2\/users\/1"}],"replies":[{"embeddable":true,"href":"https:\/\/dayseamarilio.com.br\/index.php\/wp-json\/wp\/v2\/comments?post=2185"}],"version-history":[{"count":127,"href":"https:\/\/dayseamarilio.com.br\/index.php\/wp-json\/wp\/v2\/pages\/2185\/revisions"}],"predecessor-version":[{"id":2551,"href":"https:\/\/dayseamarilio.com.br\/index.php\/wp-json\/wp\/v2\/pages\/2185\/revisions\/2551"}],"wp:attachment":[{"href":"https:\/\/dayseamarilio.com.br\/index.php\/wp-json\/wp\/v2\/media?parent=2185"}],"curies":[{"name":"wp","href":"https:\/\/api.w.org\/{rel}","templated":true}]}}