{"id":2427,"date":"2023-08-29T21:58:04","date_gmt":"2023-08-30T00:58:04","guid":{"rendered":"https:\/\/dayseamarilio.com.br\/?post_type=na-midia-lista&#038;p=2427"},"modified":"2023-10-27T21:59:45","modified_gmt":"2023-10-28T00:59:45","slug":"deputada-pede-criacao-de-semana-distrital-de-prevencao-e-combate-ao-feminicidio","status":"publish","type":"na-midia-lista","link":"https:\/\/dayseamarilio.com.br\/index.php\/na-midia-lista\/deputada-pede-criacao-de-semana-distrital-de-prevencao-e-combate-ao-feminicidio\/","title":{"rendered":"Deputada pede cria\u00e7\u00e3o de Semana Distrital de Preven\u00e7\u00e3o e Combate ao Feminic\u00eddio"},"featured_media":2428,"template":"","class_list":["post-2427","na-midia-lista","type-na-midia-lista","status-publish","has-post-thumbnail","hentry"],"acf":[],"_links":{"self":[{"href":"https:\/\/dayseamarilio.com.br\/index.php\/wp-json\/wp\/v2\/na-midia-lista\/2427","targetHints":{"allow":["GET"]}}],"collection":[{"href":"https:\/\/dayseamarilio.com.br\/index.php\/wp-json\/wp\/v2\/na-midia-lista"}],"about":[{"href":"https:\/\/dayseamarilio.com.br\/index.php\/wp-json\/wp\/v2\/types\/na-midia-lista"}],"wp:featuredmedia":[{"embeddable":true,"href":"https:\/\/dayseamarilio.com.br\/index.php\/wp-json\/wp\/v2\/media\/2428"}],"wp:attachment":[{"href":"https:\/\/dayseamarilio.com.br\/index.php\/wp-json\/wp\/v2\/media?parent=2427"}],"curies":[{"name":"wp","href":"https:\/\/api.w.org\/{rel}","templated":true}]}}

Deputada pede criação de Semana Distrital de Prevenção e Combate ao Feminicídio
