{"id":2389,"date":"2023-10-17T17:47:45","date_gmt":"2023-10-17T20:47:45","guid":{"rendered":"https:\/\/dayseamarilio.com.br\/?post_type=na-midia-lista&#038;p=2389"},"modified":"2023-10-27T17:48:15","modified_gmt":"2023-10-27T20:48:15","slug":"teatro-de-arena-do-guara-pode-continuar-de-uso-publico-mudanca-esta-em-analise-no-tcdf","status":"publish","type":"na-midia-lista","link":"https:\/\/dayseamarilio.com.br\/index.php\/na-midia-lista\/teatro-de-arena-do-guara-pode-continuar-de-uso-publico-mudanca-esta-em-analise-no-tcdf\/","title":{"rendered":"Teatro de Arena do Guar\u00e1 pode continuar de uso p\u00fablico; mudan\u00e7a est\u00e1 em an\u00e1lise no TCDF"},"featured_media":2390,"template":"","class_list":["post-2389","na-midia-lista","type-na-midia-lista","status-publish","has-post-thumbnail","hentry"],"acf":[],"_links":{"self":[{"href":"https:\/\/dayseamarilio.com.br\/index.php\/wp-json\/wp\/v2\/na-midia-lista\/2389","targetHints":{"allow":["GET"]}}],"collection":[{"href":"https:\/\/dayseamarilio.com.br\/index.php\/wp-json\/wp\/v2\/na-midia-lista"}],"about":[{"href":"https:\/\/dayseamarilio.com.br\/index.php\/wp-json\/wp\/v2\/types\/na-midia-lista"}],"wp:featuredmedia":[{"embeddable":true,"href":"https:\/\/dayseamarilio.com.br\/index.php\/wp-json\/wp\/v2\/media\/2390"}],"wp:attachment":[{"href":"https:\/\/dayseamarilio.com.br\/index.php\/wp-json\/wp\/v2\/media?parent=2389"}],"curies":[{"name":"wp","href":"https:\/\/api.w.org\/{rel}","templated":true}]}}

Teatro de Arena do Guará pode continuar de uso público; mudança está em análise no TCDF
