{"id":2305,"date":"2023-10-13T17:43:53","date_gmt":"2023-10-13T20:43:53","guid":{"rendered":"https:\/\/dayseamarilio.com.br\/?post_type=na-midia-lista&#038;p=2305"},"modified":"2023-10-27T20:30:22","modified_gmt":"2023-10-27T23:30:22","slug":"dayse-amarilio-destina-r4-milhoes-para-educacao-no-guara","status":"publish","type":"na-midia-lista","link":"https:\/\/dayseamarilio.com.br\/index.php\/na-midia-lista\/dayse-amarilio-destina-r4-milhoes-para-educacao-no-guara\/","title":{"rendered":"Dayse Amar\u00edlio destina R$4 milh\u00f5es para educa\u00e7\u00e3o no Guar\u00e1"},"featured_media":2306,"template":"","class_list":["post-2305","na-midia-lista","type-na-midia-lista","status-publish","has-post-thumbnail","hentry"],"acf":[],"_links":{"self":[{"href":"https:\/\/dayseamarilio.com.br\/index.php\/wp-json\/wp\/v2\/na-midia-lista\/2305","targetHints":{"allow":["GET"]}}],"collection":[{"href":"https:\/\/dayseamarilio.com.br\/index.php\/wp-json\/wp\/v2\/na-midia-lista"}],"about":[{"href":"https:\/\/dayseamarilio.com.br\/index.php\/wp-json\/wp\/v2\/types\/na-midia-lista"}],"wp:featuredmedia":[{"embeddable":true,"href":"https:\/\/dayseamarilio.com.br\/index.php\/wp-json\/wp\/v2\/media\/2306"}],"wp:attachment":[{"href":"https:\/\/dayseamarilio.com.br\/index.php\/wp-json\/wp\/v2\/media?parent=2305"}],"curies":[{"name":"wp","href":"https:\/\/api.w.org\/{rel}","templated":true}]}}

Dayse Amarílio destina R$4 milhões para educação no Guará
